74. Calculate the greatest common divisor of k and 19.
19
Let p be (-2 + 6)*(-18)/(-8). Suppose 2*o + 50 = -180. Let k = 127 + o. Calculate the greatest common divisor of k and p.
3
Suppose 154845 = 250*b - 213*b. Calculate the highest common divisor of 270 and b.
135
Suppose -5*d - 2*q - 202 + 1461 = 0, 3*d + 4*q = 747. Calculate the greatest common divisor of 138 and d.
23
Suppose 67*r + 180 = 63*r. Let w = 75 + r. What is the highest common factor of 290 and w?
10
Suppose 0 = 5*h + 5*s, -15 = 2*h + 6*s - s. Suppose -h*c + 32 - 7 = 0. Let j be (15/c)/((-3)/(-154)). What is the highest common divisor of j and 22?
22
Let s(i) = i**3 - 10*i**2 + 44*i - 185. Let x be s(15). Calculate the highest common divisor of x and 340.
20
Let i be (-5 - (-6)/(-6)) + 2. Let w be (-11640)/(-168) - i/(-14). Let p = 53 + -30. Calculate the highest common divisor of p and w.
23
Suppose 0 = 3*s - 3, -s = -5*c - 2*s + 126. Suppose 27*b - 1300 = -c*b. What is the greatest common divisor of b and 105?
5
Let p = 2482 - 2473. Let b(a) = a**3 - 6*a**2 + 5*a. Let h be b(6). Suppose 0 = 5*w - 15 - h. Calculate the highest common factor of w and p.
9
Let r = 35 + 18. Let o(n) = -113*n + 1003. Let p be o(7). What is the greatest common factor of p and r?
53
Suppose 0 = -9*g - 3230 + 6542. What is the highest common divisor of 989 and g?
23
Let m be (-251457)/(-1659) + 3/7. What is the highest common factor of m and 6612?
76
Suppose -5*m + 4*r + 93 - 1 = 0, -2*m + 4*r = -32. Let g(f) = -f + 220. Let d be g(m). Calculate the highest common divisor of 20 and d.
20
Let q be 1220 + (-1)/(-6) + 65/78. What is the highest common divisor of q and 132?
33
Let s(d) = -11*d**2 - 6*d - 9. Let v(c) = -20*c**2 - 11*c - 19. Let w(u) = -11*s(u) + 6*v(u). Let t be w(5). What is the greatest common divisor of t and 85?
5
Suppose 0 = -20*v + 79481 - 78961. What is the highest common factor of 130 and v?
26
Suppose 0 = -5*h + r + 1398, 3*h + 31*r - 846 = 28*r. What is the greatest common divisor of 1484 and h?
28
Let v(w) = 143*w**2 - 3*w - 26. Let s be v(-7). Calculate the highest common factor of s and 36.
18
Suppose -5*z = 3*q - 16 - 137, -58 = -2*z - 2*q. What is the greatest common divisor of 102 and z?
3
Suppose 35*k = 16*k - 158688. Let x be k/(-168) + (-2)/(-7). Calculate the highest common factor of 110 and x.
10
Let d(w) = -2*w - 11. Let k be d(5). Let n be 28/(-8)*72/k. Suppose -16*r + 16 = -n*r. What is the highest common divisor of r and 12?
4
Let z = -33 + 44. Let g be 6/(-12)*14*-11. What is the highest common divisor of z and g?
11
Suppose 5*v + t - 1499 = 0, 21*t = -2*v + 20*t + 602. Calculate the greatest common factor of 115 and v.
23
Let h be (20285 - -73)*((-4)/15)/((-4)/10). Calculate the highest common divisor of h and 144.
36
Let g(f) = 10*f**2 - 18*f + 7. Suppose 39*n + 36 = 48*n. Let m be g(n). Calculate the highest common factor of 114 and m.
19
Let z(y) = 19*y**2 - 43*y - 257. Let t be z(24). Calculate the greatest common divisor of 5 and t.
5
Suppose 6*i - 579 - 39 = 0. Suppose 5*s - 1932 - i = 0. Calculate the greatest common factor of 11 and s.
11
Let b be (-1)/((-712)/(-236) - 3) + -2. Let l = b + 64. Suppose -l*y + 121 = 13. Calculate the greatest common divisor of y and 24.
12
Suppose -5*p - 498 - 558 = -17*p. Calculate the highest common divisor of p and 120.
8
Suppose -20 = -4*v, 22*x + 5*v - 15 = 23*x. Suppose 4*w = 809 - 289. What is the greatest common factor of w and x?
10
Let w = -596 + 839. Let c(p) = -p**3 + 14*p**2 - 21*p - 27. Let y be c(12). What is the highest common divisor of w and y?
9
Let m(p) = 1259*p**3 - 4*p**2 + 34*p - 31. Let h be m(1). Calculate the highest common factor of h and 370.
74
Let f be (1/(-2) - (-38)/(-4)) + 4. Let k be (196 - 10)*(-9)/f. What is the highest common divisor of k and 31?
31
Suppose h - 5*q - 24 = 0, -183*h - q = -185*h + 84. What is the highest common factor of h and 28?
4
Let h = 43 - 41. Suppose -6*f = -2*f - r + 129, h*f - 5*r = -69. Let k be -20*2*12/f. Calculate the greatest common factor of k and 120.
15
Suppose -5*m - 3*f + 139 = -0*m, 4*m + f = 107. Let h be (-7599)/(-39) - (-4)/m. Calculate the highest common factor of 15 and h.
15
Let s(w) = -2*w**3 + 16*w**2 + 54*w + 14. Let t be s(10). Suppose 0 = -8*o + 7*o + 88. What is the greatest common factor of o and t?
22
Let v be -2 + 4 + 5 + 2. Suppose 33 = 4*x + b, 2*x - 38 = -2*x - 2*b. Let u(r) = 15*r - 6. Let k be u(x). Calculate the greatest common divisor of k and v.
9
Suppose g = 3*g - 98. Let o be (-394)/(-8) + 3*4/(-48). Calculate the greatest common factor of g and o.
49
Let i(o) = -o**3 - 13*o**2 - 12*o + 5. Let m be i(-12). What is the highest common divisor of 6345 and m?
5
Let f be (-10)/(-2) + (8 - 19). Let k be 329/6 - f/36. Calculate the highest common divisor of k and 11.
11
Suppose -108*o = -105*o + t + 2096, 2*o + 1403 = 5*t. Let q = o + 745. What is the highest common factor of q and 2?
2
Let m(t) = -2*t**3 - 10*t**2 - 7*t + 17. Let f be m(-5). What is the greatest common factor of f and 2899?
13
Suppose -2*p - 35*p = -489573 - 475054. Calculate the highest common factor of 31 and p.
31
Let b(a) = -a**3 - 38*a**2 + 32*a - 58. Let c be b(-39). Let o = c - 205. Let d = 155 + -65. What is the greatest common divisor of o and d?
10
Let c be 108/(-378) + (-2)/(-14)*-12 + 3. Let a(w) = -w**3 + 5*w**2 - 3*w + 2. Let t be a(2). What is the highest common divisor of c and t?
1
Suppose -5*f + 2*l = -f - 38, 1 = -l. Suppose -n + 0*n + f = 0. Suppose -n*q + q + 768 = 0. Calculate the greatest common factor of 48 and q.
48
Suppose -18*c + 1416 + 978 = 0. What is the highest common divisor of 152 and c?
19
Let r = 6 - -34. Let z be (-532)/(-53) - (80/(-212))/(-10). What is the greatest common divisor of z and r?
10
Suppose -5*f + 978 = f. Suppose 0 = -9*t + f + 44. Calculate the greatest common divisor of t and 184.
23
Suppose 3*d = v + 344, 3*v + 442 = 4*d + 5*v. Let s = -41 + d. Let k(i) = 2*i**2 + 2*i - 4. Let n be k(-5). What is the highest common divisor of n and s?
36
Suppose -131*b + 2581 = -6659 + 594. What is the highest common divisor of 1578 and b?
6
Let i = 261 + -262. Let g be 45 + (1 - (-2)/i). Calculate the greatest common divisor of g and 66.
22
Suppose 29*x - 42*x = -65. Suppose 4 = 7*d - 11*d, 0 = -5*l + x*d + 915. What is the highest common divisor of 13 and l?
13
Let k = 33321 + -33271. Let w(j) = 39*j**2 + j - 4. Let m be w(3). What is the highest common factor of m and k?
50
Let n = 139 - 99. Let x be (38/(-6) - -8)*6. Suppose -780 = 6*d - x*d - 4*i, d - 3*i = 215. What is the greatest common divisor of n and d?
40
Suppose 2*q + 227 - 553 = -2*a, -2*q + 800 = 5*a. Suppose 176 = 5*p + 2*b, p - 6*p = -4*b - a. Calculate the greatest common factor of p and 374.
34
Let m be (-2)/(-8)*(-7 - -15). Suppose -2*k + 4*x = x - 6, -k + 12 = 3*x. Suppose k*g - 24 = m*g. Calculate the highest common factor of 48 and g.
6
Let z(d) = -58*d + 19. Let v be z(-3). Let t = -183 + v. Calculate the highest common factor of 10 and t.
10
Suppose 20*s - 870 + 48 = -122. What is the highest common divisor of s and 805?
35
Suppose n = -n + 6. Let l(r) = r**3 - r**2 + 4*r - 7. Let o be l(n). Calculate the greatest common factor of 69 and o.
23
Let u be ((-452)/10 - -2)/(4/(-80)). Suppose 36*a - 9*a = u. Calculate the highest common factor of a and 4.
4
Let v = 23 + -10. Let a(y) = -y**2 - 14. Let c(w) = 2*w**2 + 28. Let z(r) = 7*a(r) + 4*c(r). Let u be z(-5). Calculate the greatest common factor of v and u.
13
Let u = 80 + -51. Let y = u + -27. Suppose -2*g + 14 = 3*l, -y*g + 11 = l - 7. What is the highest common divisor of g and 110?
10
Suppose -5*m = 3*x - 23, 2*m - 4*x = -x + 26. Let t be 868/24 + (m/6)/(-7). Calculate the highest common factor of 12 and t.
12
Let h be (-5 + 3)*-18 - (1 + 0). Let d = 62 - h. Let u be ((-21)/9)/(-1 + 24/d). Calculate the highest common factor of 189 and u.
21
Let v(w) = -2*w + 48. Let z be v(25). Let r be z + 1 - -1 - (-17 + -55). Calculate the greatest common divisor of r and 324.
36
Let s be (-12 + 0)/((-2)/182). Suppose 0 = -8*n + 4*n + s. What is the greatest common divisor of n and 13?
13
Suppose 0 = -40*g + 7319 + 3921. Let p = g - 209. What is the greatest common divisor of p and 1656?
72
Suppose 0 = 3*o +